{"id":5875,"date":"2020-02-04T13:22:58","date_gmt":"2020-02-04T12:22:58","guid":{"rendered":"https:\/\/preprod.nyanpereira.fr\/?page_id=5875"},"modified":"2020-06-10T08:18:20","modified_gmt":"2020-06-10T07:18:20","slug":"peinture-vitrine-magasin-idee-deco","status":"publish","type":"page","link":"https:\/\/nyanpereira.fr\/dessinateur\/peinture-vitrine-magasin-idee-deco\/","title":{"rendered":"Id\u00e9e d\u00e9co \/ Peinture Vitrine Magasin"},"content":{"rendered":"<div  class=\"one withsmallpadding ppb_text\" style=\"padding:30px 0 30px 0;\" >\n<div class=\"standard_wrapper\">\n<div class=\"page_content_wrapper\">\n<div class=\"inner\">\n<div style=\"margin:auto;width:100%\">\n<p style=\"text-align: center;\"><a href=\"http:\/\/www.vitrinepeinte.com\" target=\"_blank\" rel=\"noopener noreferrer\"><img loading=\"lazy\" class=\"size-full wp-image-8944 aligncenter\" src=\"https:\/\/nyanpereira.fr\/dessinateur\/wp-content\/uploads\/2020\/06\/dessin.sur_.vitre_.noel_.peinture.jpg\" alt=\"\" width=\"400\" height=\"222\" \/><\/a><\/p>\n<h3 style=\"text-align: center;\"><span style=\"color: #613582;\"><strong>Vous cherchez des Artistes Peintres <\/strong>Sp\u00e9cialis\u00e9s ?<\/span><\/h3>\n<p style=\"text-align: center;\"><em><a href=\"http:\/\/vitrinepeinte.com\/\">Peinture &#8211; Vitrine <\/a> &#8211; <\/em><a href=\"http:\/\/vitrinepeinte.com\/conception-vitrine-peinture-decoration-animation-originale\/\"><em>Sc\u00e9nographie sur vitre<\/em><\/a><\/p>\n<h6 style=\"text-align: center;\"><a href=\"mailto:news@vitrinepeinte.com\">www.vitrinepeinte.com <\/a><\/h6>\n<p style=\"text-align: center;\">Sp\u00e9cialiste dans l\u2019art \u00c9ph\u00e9m\u00e8re, nous travaillons toutes l\u2019ann\u00e9e pour mettre en couleur les surfaces transparentes de vos vitrines. Annoncer un \u00e9v\u00e8nement, une saison, une f\u00eate en d\u00e9corant votre espace de vente. <strong>Cr\u00e9ations dessin\u00e9es adapt\u00e9es \u00e0 tout type de surface vitr\u00e9e. <\/strong><\/p>\n<h3 style=\"text-align: center;\"><span style=\"color: #999999;\"><em>Pourquoi Art \u00c9ph\u00e9m\u00e8re, \u00a0\u00bb me direz-vous ?\u00a0\u00bb<\/em><\/span><\/h3>\n<p style=\"text-align: center;\">\nVous savez comme moi que l&rsquo;art, en ville est permanent, les statuts, les enseigne de magasin, les monuments demeurent sous nos yeux en ornements permanents. Tandis que nos peintures quant \u00e0 elle, sont provisoires donc rapidement effa\u00e7ables. Aucune \u00e9ternit\u00e9, non ! <strong>Seules la couleur et ses nuances comme accroche.<\/strong><\/p>\n<p style=\"text-align: center;\"><a class=\"button small \" onclick=\"window.open('http:\/\/vitrinepeinte.com\/vitrine-peinture-decoration-production-originale\/', '_self')\">En savoir Plus<\/a><\/p>\n<\/div>\n<\/div>\n<\/div>\n<\/div>\n<\/div>\n<div  class=\"one\" >\n<div class=\"standard_wrapper\">\n<div id=\"1591773500343281287\" class=\"portfolio_filter_wrapper portfolio-content content gallery four_cols contain\" data-columns=\"4\">\n<div class=\"element grid  classic4_cols kenburns\">\n<div class=\"one_fourth gallery4 static filterable gallery_type animated1 hover_display archive\"><a href=\"https:\/\/nyanpereira.fr\/dessinateur\/galleries\/vitrine-noel-peinture-decoration-original\/\" data-title=\"\" data-desc=\"\" data-thumb=\"https:\/\/nyanpereira.fr\/dessinateur\/wp-content\/uploads\/2014\/01\/11.vitrine.peinte.noel_-300x212.png\"  class=\"\"><\/p>\n<div class=\"gallery_archive_desc\">\n<div class=\"gallery_archive_desc_content\">\n<div class=\"gallery_archive_desc_inner\">\n<h4>Vitrine d&rsquo;Hiver &#038; No\u00ebl<\/h4>\n<div class=\"post_detail\"><\/div>\n<\/div>\n<\/div>\n<\/div>\n<p><img src=\"https:\/\/nyanpereira.fr\/dessinateur\/wp-content\/uploads\/2014\/01\/11.vitrine.peinte.noel_.png\" alt=\"Vitrine d&#039;Hiver &amp; No\u00ebl\" class=\"preview\"\/><\/a><\/div>\n<\/div>\n<div class=\"element grid  classic4_cols kenburns\">\n<div class=\"one_fourth gallery4 static filterable gallery_type animated2 hover_display archive\"><a href=\"https:\/\/nyanpereira.fr\/dessinateur\/galleries\/automne-vitrine-peinte-decoration-peinture-original\/\" data-title=\"\" data-desc=\"\" data-thumb=\"https:\/\/nyanpereira.fr\/dessinateur\/wp-content\/uploads\/2018\/10\/02.Vitrine.originale.decoration.tendance.automne.halloween.peinture.vitre_.artiste-300x212.png\"  class=\"\"><\/p>\n<div class=\"gallery_archive_desc\">\n<div class=\"gallery_archive_desc_content\">\n<div class=\"gallery_archive_desc_inner\">\n<h4>Vitrine Automne<\/h4>\n<div class=\"post_detail\"><\/div>\n<\/div>\n<\/div>\n<\/div>\n<p><img src=\"https:\/\/nyanpereira.fr\/dessinateur\/wp-content\/uploads\/2018\/10\/02.Vitrine.originale.decoration.tendance.automne.halloween.peinture.vitre_.artiste.png\" alt=\"Vitrine Automne\" class=\"preview\"\/><\/a><\/div>\n<\/div>\n<div class=\"element grid  classic4_cols kenburns\">\n<div class=\"one_fourth gallery4 static filterable gallery_type animated3 hover_display archive\"><a href=\"https:\/\/nyanpereira.fr\/dessinateur\/galleries\/printemps-ete-vitrine-peinte-decoration-peinture-original\/\" data-title=\"\" data-desc=\"\" data-thumb=\"https:\/\/nyanpereira.fr\/dessinateur\/wp-content\/uploads\/2017\/03\/vitrines.peintes.printemps.decoration.irlandaisest.patrick.event_.9-300x212.png\"  class=\"\"><\/p>\n<div class=\"gallery_archive_desc\">\n<div class=\"gallery_archive_desc_content\">\n<div class=\"gallery_archive_desc_inner\">\n<h4>Vitrine Printemps<\/h4>\n<div class=\"post_detail\"><\/div>\n<\/div>\n<\/div>\n<\/div>\n<p><img src=\"https:\/\/nyanpereira.fr\/dessinateur\/wp-content\/uploads\/2017\/03\/vitrines.peintes.printemps.decoration.irlandaisest.patrick.event_.9.png\" alt=\"Vitrine Printemps\" class=\"preview\"\/><\/a><\/div>\n<\/div>\n<div class=\"element grid  classic4_cols kenburns\">\n<div class=\"one_fourth gallery4 static filterable gallery_type animated4 hover_display archive\"><a href=\"https:\/\/nyanpereira.fr\/dessinateur\/galleries\/vitrine-magasin-deco-devanture-peinture-decoration-sur-vitre\/\" data-title=\"\" data-desc=\"\" data-thumb=\"https:\/\/nyanpereira.fr\/dessinateur\/wp-content\/uploads\/2017\/01\/Vitrine.decoration.ete_.summer.peinture-300x212.png\"  class=\"\"><\/p>\n<div class=\"gallery_archive_desc\">\n<div class=\"gallery_archive_desc_content\">\n<div class=\"gallery_archive_desc_inner\">\n<h4>Vitrine ESTIVALE<\/h4>\n<div class=\"post_detail\"><\/div>\n<\/div>\n<\/div>\n<\/div>\n<p><img src=\"https:\/\/nyanpereira.fr\/dessinateur\/wp-content\/uploads\/2017\/01\/Vitrine.decoration.ete_.summer.peinture.png\" alt=\"Vitrine ESTIVALE\" class=\"preview\"\/><\/a><\/div>\n<\/div>\n<\/div>\n<\/div>\n<\/div>\n","protected":false},"excerpt":{"rendered":"","protected":false},"author":1,"featured_media":0,"parent":0,"menu_order":0,"comment_status":"closed","ping_status":"closed","template":"","meta":[],"yoast_head":"<!-- This site is optimized with the Yoast SEO plugin v17.9 - https:\/\/yoast.com\/wordpress\/plugins\/seo\/ -->\n<title>PEINTURE VITRINE \/ D\u00e9coration de vitrine Magasin | Peinture No\u00ebl<\/title>\n<meta name=\"description\" content=\"Id\u00e9e d\u00e9co vitrine peinture \u00e0 la main \/ pour les F\u00eates de No\u00ebl, surprenez vos clients avec une d\u00e9co peinture pas comme les autres ! Id\u00e9e D\u00e9co Vitrine Magasin\" \/>\n<meta name=\"robots\" content=\"index, follow, max-snippet:-1, max-image-preview:large, max-video-preview:-1\" \/>\n<link rel=\"canonical\" href=\"https:\/\/nyanpereira.fr\/dessinateur\/peinture-vitrine-magasin-idee-deco\/\" \/>\n<meta property=\"og:locale\" content=\"fr_FR\" \/>\n<meta property=\"og:type\" content=\"article\" \/>\n<meta property=\"og:title\" content=\"PEINTURE VITRINE \/ D\u00e9coration de vitrine Magasin | Peinture No\u00ebl\" \/>\n<meta property=\"og:description\" content=\"Id\u00e9e d\u00e9co vitrine peinture \u00e0 la main \/ pour les F\u00eates de No\u00ebl, surprenez vos clients avec une d\u00e9co peinture pas comme les autres ! Id\u00e9e D\u00e9co Vitrine Magasin\" \/>\n<meta property=\"og:url\" content=\"https:\/\/nyanpereira.fr\/dessinateur\/peinture-vitrine-magasin-idee-deco\/\" \/>\n<meta property=\"og:site_name\" content=\"Service Cr\u00e9atif &amp; Pr\u00e9sentation Artistique\" \/>\n<meta property=\"article:modified_time\" content=\"2020-06-10T07:18:20+00:00\" \/>\n<meta property=\"og:image\" content=\"https:\/\/nyanpereira.fr\/dessinateur\/wp-content\/uploads\/2020\/06\/dessin.sur_.vitre_.noel_.peinture.jpg\" \/>\n<meta name=\"twitter:card\" content=\"summary_large_image\" \/>\n<meta name=\"twitter:label1\" content=\"Dur\u00e9e de lecture estim\u00e9e\" \/>\n\t<meta name=\"twitter:data1\" content=\"1 minute\" \/>\n<script type=\"application\/ld+json\" class=\"yoast-schema-graph\">{\"@context\":\"https:\/\/schema.org\",\"@graph\":[{\"@type\":\"Organization\",\"@id\":\"https:\/\/nyanpereira.fr\/dessinateur\/#organization\",\"name\":\"storyboarder Freelance\",\"url\":\"https:\/\/nyanpereira.fr\/dessinateur\/\",\"sameAs\":[],\"logo\":{\"@type\":\"ImageObject\",\"@id\":\"https:\/\/nyanpereira.fr\/dessinateur\/#logo\",\"inLanguage\":\"fr-FR\",\"url\":\"\",\"contentUrl\":\"\",\"caption\":\"storyboarder Freelance\"},\"image\":{\"@id\":\"https:\/\/nyanpereira.fr\/dessinateur\/#logo\"}},{\"@type\":\"WebSite\",\"@id\":\"https:\/\/nyanpereira.fr\/dessinateur\/#website\",\"url\":\"https:\/\/nyanpereira.fr\/dessinateur\/\",\"name\":\"Service Cr\\u00e9atif &amp; Pr\\u00e9sentation Artistique\",\"description\":\"Roughs, Storyboard, Antimatic &amp; Photomontage\",\"publisher\":{\"@id\":\"https:\/\/nyanpereira.fr\/dessinateur\/#organization\"},\"potentialAction\":[{\"@type\":\"SearchAction\",\"target\":{\"@type\":\"EntryPoint\",\"urlTemplate\":\"https:\/\/nyanpereira.fr\/dessinateur\/?s={search_term_string}\"},\"query-input\":\"required name=search_term_string\"}],\"inLanguage\":\"fr-FR\"},{\"@type\":\"ImageObject\",\"@id\":\"https:\/\/nyanpereira.fr\/dessinateur\/peinture-vitrine-magasin-idee-deco\/#primaryimage\",\"inLanguage\":\"fr-FR\",\"url\":\"https:\/\/nyanpereira.fr\/dessinateur\/wp-content\/uploads\/2020\/06\/dessin.sur_.vitre_.noel_.peinture.jpg\",\"contentUrl\":\"https:\/\/nyanpereira.fr\/dessinateur\/wp-content\/uploads\/2020\/06\/dessin.sur_.vitre_.noel_.peinture.jpg\",\"width\":400,\"height\":222,\"caption\":\"dessin sur vitre noel peinture\"},{\"@type\":\"WebPage\",\"@id\":\"https:\/\/nyanpereira.fr\/dessinateur\/peinture-vitrine-magasin-idee-deco\/#webpage\",\"url\":\"https:\/\/nyanpereira.fr\/dessinateur\/peinture-vitrine-magasin-idee-deco\/\",\"name\":\"PEINTURE VITRINE \/ D\\u00e9coration de vitrine Magasin | Peinture No\\u00ebl\",\"isPartOf\":{\"@id\":\"https:\/\/nyanpereira.fr\/dessinateur\/#website\"},\"primaryImageOfPage\":{\"@id\":\"https:\/\/nyanpereira.fr\/dessinateur\/peinture-vitrine-magasin-idee-deco\/#primaryimage\"},\"datePublished\":\"2020-02-04T12:22:58+00:00\",\"dateModified\":\"2020-06-10T07:18:20+00:00\",\"description\":\"Id\\u00e9e d\\u00e9co vitrine peinture \\u00e0 la main \/ pour les F\\u00eates de No\\u00ebl, surprenez vos clients avec une d\\u00e9co peinture pas comme les autres ! Id\\u00e9e D\\u00e9co Vitrine Magasin\",\"breadcrumb\":{\"@id\":\"https:\/\/nyanpereira.fr\/dessinateur\/peinture-vitrine-magasin-idee-deco\/#breadcrumb\"},\"inLanguage\":\"fr-FR\",\"potentialAction\":[{\"@type\":\"ReadAction\",\"target\":[\"https:\/\/nyanpereira.fr\/dessinateur\/peinture-vitrine-magasin-idee-deco\/\"]}]},{\"@type\":\"BreadcrumbList\",\"@id\":\"https:\/\/nyanpereira.fr\/dessinateur\/peinture-vitrine-magasin-idee-deco\/#breadcrumb\",\"itemListElement\":[{\"@type\":\"ListItem\",\"position\":1,\"name\":\"Accueil\",\"item\":\"https:\/\/nyanpereira.fr\/dessinateur\/\"},{\"@type\":\"ListItem\",\"position\":2,\"name\":\"Id\\u00e9e d\\u00e9co \/ Peinture Vitrine Magasin\"}]}]}<\/script>\n<!-- \/ Yoast SEO plugin. -->","yoast_head_json":{"title":"PEINTURE VITRINE \/ D\u00e9coration de vitrine Magasin | Peinture No\u00ebl","description":"Id\u00e9e d\u00e9co vitrine peinture \u00e0 la main \/ pour les F\u00eates de No\u00ebl, surprenez vos clients avec une d\u00e9co peinture pas comme les autres ! Id\u00e9e D\u00e9co Vitrine Magasin","robots":{"index":"index","follow":"follow","max-snippet":"max-snippet:-1","max-image-preview":"max-image-preview:large","max-video-preview":"max-video-preview:-1"},"canonical":"https:\/\/nyanpereira.fr\/dessinateur\/peinture-vitrine-magasin-idee-deco\/","og_locale":"fr_FR","og_type":"article","og_title":"PEINTURE VITRINE \/ D\u00e9coration de vitrine Magasin | Peinture No\u00ebl","og_description":"Id\u00e9e d\u00e9co vitrine peinture \u00e0 la main \/ pour les F\u00eates de No\u00ebl, surprenez vos clients avec une d\u00e9co peinture pas comme les autres ! Id\u00e9e D\u00e9co Vitrine Magasin","og_url":"https:\/\/nyanpereira.fr\/dessinateur\/peinture-vitrine-magasin-idee-deco\/","og_site_name":"Service Cr\u00e9atif &amp; Pr\u00e9sentation Artistique","article_modified_time":"2020-06-10T07:18:20+00:00","og_image":[{"url":"https:\/\/nyanpereira.fr\/dessinateur\/wp-content\/uploads\/2020\/06\/dessin.sur_.vitre_.noel_.peinture.jpg"}],"twitter_card":"summary_large_image","twitter_misc":{"Dur\u00e9e de lecture estim\u00e9e":"1 minute"},"schema":{"@context":"https:\/\/schema.org","@graph":[{"@type":"Organization","@id":"https:\/\/nyanpereira.fr\/dessinateur\/#organization","name":"storyboarder Freelance","url":"https:\/\/nyanpereira.fr\/dessinateur\/","sameAs":[],"logo":{"@type":"ImageObject","@id":"https:\/\/nyanpereira.fr\/dessinateur\/#logo","inLanguage":"fr-FR","url":"","contentUrl":"","caption":"storyboarder Freelance"},"image":{"@id":"https:\/\/nyanpereira.fr\/dessinateur\/#logo"}},{"@type":"WebSite","@id":"https:\/\/nyanpereira.fr\/dessinateur\/#website","url":"https:\/\/nyanpereira.fr\/dessinateur\/","name":"Service Cr\u00e9atif &amp; Pr\u00e9sentation Artistique","description":"Roughs, Storyboard, Antimatic &amp; Photomontage","publisher":{"@id":"https:\/\/nyanpereira.fr\/dessinateur\/#organization"},"potentialAction":[{"@type":"SearchAction","target":{"@type":"EntryPoint","urlTemplate":"https:\/\/nyanpereira.fr\/dessinateur\/?s={search_term_string}"},"query-input":"required name=search_term_string"}],"inLanguage":"fr-FR"},{"@type":"ImageObject","@id":"https:\/\/nyanpereira.fr\/dessinateur\/peinture-vitrine-magasin-idee-deco\/#primaryimage","inLanguage":"fr-FR","url":"https:\/\/nyanpereira.fr\/dessinateur\/wp-content\/uploads\/2020\/06\/dessin.sur_.vitre_.noel_.peinture.jpg","contentUrl":"https:\/\/nyanpereira.fr\/dessinateur\/wp-content\/uploads\/2020\/06\/dessin.sur_.vitre_.noel_.peinture.jpg","width":400,"height":222,"caption":"dessin sur vitre noel peinture"},{"@type":"WebPage","@id":"https:\/\/nyanpereira.fr\/dessinateur\/peinture-vitrine-magasin-idee-deco\/#webpage","url":"https:\/\/nyanpereira.fr\/dessinateur\/peinture-vitrine-magasin-idee-deco\/","name":"PEINTURE VITRINE \/ D\u00e9coration de vitrine Magasin | Peinture No\u00ebl","isPartOf":{"@id":"https:\/\/nyanpereira.fr\/dessinateur\/#website"},"primaryImageOfPage":{"@id":"https:\/\/nyanpereira.fr\/dessinateur\/peinture-vitrine-magasin-idee-deco\/#primaryimage"},"datePublished":"2020-02-04T12:22:58+00:00","dateModified":"2020-06-10T07:18:20+00:00","description":"Id\u00e9e d\u00e9co vitrine peinture \u00e0 la main \/ pour les F\u00eates de No\u00ebl, surprenez vos clients avec une d\u00e9co peinture pas comme les autres ! Id\u00e9e D\u00e9co Vitrine Magasin","breadcrumb":{"@id":"https:\/\/nyanpereira.fr\/dessinateur\/peinture-vitrine-magasin-idee-deco\/#breadcrumb"},"inLanguage":"fr-FR","potentialAction":[{"@type":"ReadAction","target":["https:\/\/nyanpereira.fr\/dessinateur\/peinture-vitrine-magasin-idee-deco\/"]}]},{"@type":"BreadcrumbList","@id":"https:\/\/nyanpereira.fr\/dessinateur\/peinture-vitrine-magasin-idee-deco\/#breadcrumb","itemListElement":[{"@type":"ListItem","position":1,"name":"Accueil","item":"https:\/\/nyanpereira.fr\/dessinateur\/"},{"@type":"ListItem","position":2,"name":"Id\u00e9e d\u00e9co \/ Peinture Vitrine Magasin"}]}]}},"_links":{"self":[{"href":"https:\/\/nyanpereira.fr\/dessinateur\/wp-json\/wp\/v2\/pages\/5875"}],"collection":[{"href":"https:\/\/nyanpereira.fr\/dessinateur\/wp-json\/wp\/v2\/pages"}],"about":[{"href":"https:\/\/nyanpereira.fr\/dessinateur\/wp-json\/wp\/v2\/types\/page"}],"author":[{"embeddable":true,"href":"https:\/\/nyanpereira.fr\/dessinateur\/wp-json\/wp\/v2\/users\/1"}],"replies":[{"embeddable":true,"href":"https:\/\/nyanpereira.fr\/dessinateur\/wp-json\/wp\/v2\/comments?post=5875"}],"version-history":[{"count":33,"href":"https:\/\/nyanpereira.fr\/dessinateur\/wp-json\/wp\/v2\/pages\/5875\/revisions"}],"predecessor-version":[{"id":9132,"href":"https:\/\/nyanpereira.fr\/dessinateur\/wp-json\/wp\/v2\/pages\/5875\/revisions\/9132"}],"wp:attachment":[{"href":"https:\/\/nyanpereira.fr\/dessinateur\/wp-json\/wp\/v2\/media?parent=5875"}],"curies":[{"name":"wp","href":"https:\/\/api.w.org\/{rel}","templated":true}]}}