{"id":4933,"date":"2017-08-01T15:13:21","date_gmt":"2017-08-01T14:13:21","guid":{"rendered":"http:\/\/nyanpereira.fr\/dessinateur\/?page_id=4933"},"modified":"2021-04-26T13:30:03","modified_gmt":"2021-04-26T12:30:03","slug":"cgv-artiste-pereira-yta","status":"publish","type":"page","link":"https:\/\/nyanpereira.fr\/dessinateur\/storyborder-freelance-paris-nice\/cgv-artiste-pereira-yta\/","title":{"rendered":"Mentions l\u00e9gales &#038; CGV"},"content":{"rendered":"<p><em><span style=\"color: #999999;\">IMPORTANT \/\u00a0 L\u2019int\u00e9gralit\u00e9 du site www.nyanpereira.fr est prot\u00e9g\u00e9e juridiquement par les l\u00e9gislations\u00a0 Fran\u00e7aises et Internationales relatives \u00e0 la propri\u00e9t\u00e9 intellectuelle. Tous les droits de reproduction sont r\u00e9serv\u00e9s, y compris pour les documents t\u00e9l\u00e9chargeables. L\u2019ensemble des illustrations, graphismes et plus g\u00e9n\u00e9ralement l\u2019ensemble des \u00e9l\u00e9ments composant le site www.nyanpereira.fr et le site lui-m\u00eame ne peuvent, conform\u00e9ment \u00e0 l\u2019article L122-4 du code de la propri\u00e9t\u00e9 intellectuelle, faire l\u2019objet d\u2019une quelconque repr\u00e9sentation ou reproduction, int\u00e9grale ou partielle, sur quelque support que ce soit, sans l\u2019autorisation expresse et pr\u00e9alable de Monsieur PEREIRA Yann.<\/span><\/em><\/p>\n<h3>Conditions G\u00e9n\u00e9rales de vente<\/h3>\n<p>(1) Cession de droits : La vente de support d\u2019image, photographie, pictogramme ou vid\u00e9o inclue une cession de droit d\u2019exploitation de 12 mois. Il est rappel\u00e9 que aux termes du code de la propri\u00e9t\u00e9 intellectuelle : les droits de diffusion, reproduction et de repr\u00e9sentation non mentionn\u00e9s sur la facture ne sont pas c\u00e9d\u00e9s et qu\u2019en aucun cas la signature de l\u2019auteur ne peut \u00eatre supprim\u00e9e et aucune modification de l\u2019\u0153uvre ne peut \u00eatre faite sans l\u2019accord de l\u2019auteur. (article L.121-1).<br \/>\n&#8211;<br \/>\n(2) Corrections : Il est possible pour le client de faire modifier trois fois la prestation par le prestataire si ces<br \/>\nmodifications n\u2019entra\u00eenent pas de trop importants changements. Au-del\u00e0 de ces trois modifications, le travail suppl\u00e9mentaires sera factur\u00e9.<br \/>\n&#8211;<br \/>\n(3) Prix : Sauf convention particuli\u00e8re, toutes les factures s\u2019entendent pour paiement \u00e0 45 jours fin de mois. En application de la loi du 31\/12\/92, tout paiement effectu\u00e9 en retard entra\u00eenera l\u2019application de p\u00e9nalit\u00e9s de retard de 10 points soit +10% du montant total, plus une indemnit\u00e9 compl\u00e9mentaire de 40 euros pour frais de recouvrement s\u2019ajoutera aux p\u00e9nalit\u00e9s (d\u00e9cret 2012-1115, accessible ICI).<br \/>\n&#8211;<br \/>\n(6) Livraison : Le prix des roughs ou vignettes story-boards inclus une pr\u00e9sentation pour un seule clien.<br \/>\n&#8211;<br \/>\n(7) Litiges : Tous les litiges auxquels l\u2019application des pre\u0301sentes CGV pourrait donner lieu, concernant tant leur validite\u0301, leur interpre\u0301tation, leur exe\u0301cution, leur re\u0301siliation, leurs conse\u0301quences et leurs suites seront soumis au Tribunal de commerce de Draguignan (83) \/ FRANCE.<br \/>\n&#8211;<br \/>\n(8) Droit applicable : De convention expresse entre le commanditaire et l&rsquo;artiste \u00ab\u00a0YANN PEREIRA\u00a0\u00bb les pre\u0301sentes CGV sont soumises au droit franc\u0327ais.<\/p>\n<h3>Informations g\u00e9n\u00e9rales<\/h3>\n<p><strong>\u2022 Responsable de la r\u00e9daction :<\/strong> YANN PEREIRA (&lt;&lt;1-FUSE&gt;&gt;)<br \/>\n<strong>\u2022 Activit\u00e9 :<\/strong> Cr\u00e9ation artistique relevant des arts plastiques<br \/>\n<strong>\u2022 Code ape (NAF) :<\/strong> 9003A<br \/>\n<span style=\"color: #999999;\">&#8211; Artiste, Roughman &amp; Storyboarder \/ Service Cr\u00e9atif &amp; Pr\u00e9sentation Artistique.<\/span><br \/>\n<strong>\u2022 Adresse :<\/strong> 37 B RUE NOTRE DAME DU PEUPLE &#8211; 83300 DRAGUIGNAN<br \/>\n<strong>\u2022 SIRET :<\/strong> 51051085200021<br \/>\n<strong>\u2022 Contact :<\/strong> <a href=\"tel:+33621820476\">Appeler<\/a><br \/>\n<strong>\u2022 Email<\/strong> : <a href=\"mailto:studio@nyanpereira.fr\">Envoyer un e-mail <\/a><\/p>\n<p><span style=\"color: #999999;\"><em>H\u00e9bergement : www.ionos.fr<\/em><\/span><\/p>\n","protected":false},"excerpt":{"rendered":"","protected":false},"author":1,"featured_media":0,"parent":6037,"menu_order":0,"comment_status":"closed","ping_status":"closed","template":"","meta":[],"yoast_head":"<!-- This site is optimized with the Yoast SEO plugin v17.9 - https:\/\/yoast.com\/wordpress\/plugins\/seo\/ -->\n<title>Mentions l\u00e9gales &amp; CGV - Service Cr\u00e9atif &amp; Pr\u00e9sentation Artistique<\/title>\n<meta name=\"robots\" content=\"index, follow, max-snippet:-1, max-image-preview:large, max-video-preview:-1\" \/>\n<link rel=\"canonical\" href=\"https:\/\/nyanpereira.fr\/dessinateur\/storyborder-freelance-paris-nice\/cgv-artiste-pereira-yta\/\" \/>\n<meta property=\"og:locale\" content=\"fr_FR\" \/>\n<meta property=\"og:type\" content=\"article\" \/>\n<meta property=\"og:title\" content=\"Mentions l\u00e9gales &amp; CGV - Service Cr\u00e9atif &amp; Pr\u00e9sentation Artistique\" \/>\n<meta property=\"og:url\" content=\"https:\/\/nyanpereira.fr\/dessinateur\/storyborder-freelance-paris-nice\/cgv-artiste-pereira-yta\/\" \/>\n<meta property=\"og:site_name\" content=\"Service Cr\u00e9atif &amp; Pr\u00e9sentation Artistique\" \/>\n<meta property=\"article:modified_time\" content=\"2021-04-26T12:30:03+00:00\" \/>\n<meta name=\"twitter:card\" content=\"summary_large_image\" \/>\n<meta name=\"twitter:label1\" content=\"Dur\u00e9e de lecture estim\u00e9e\" \/>\n\t<meta name=\"twitter:data1\" content=\"2 minutes\" \/>\n<script type=\"application\/ld+json\" class=\"yoast-schema-graph\">{\"@context\":\"https:\/\/schema.org\",\"@graph\":[{\"@type\":\"Organization\",\"@id\":\"https:\/\/nyanpereira.fr\/dessinateur\/#organization\",\"name\":\"storyboarder Freelance\",\"url\":\"https:\/\/nyanpereira.fr\/dessinateur\/\",\"sameAs\":[],\"logo\":{\"@type\":\"ImageObject\",\"@id\":\"https:\/\/nyanpereira.fr\/dessinateur\/#logo\",\"inLanguage\":\"fr-FR\",\"url\":\"\",\"contentUrl\":\"\",\"caption\":\"storyboarder Freelance\"},\"image\":{\"@id\":\"https:\/\/nyanpereira.fr\/dessinateur\/#logo\"}},{\"@type\":\"WebSite\",\"@id\":\"https:\/\/nyanpereira.fr\/dessinateur\/#website\",\"url\":\"https:\/\/nyanpereira.fr\/dessinateur\/\",\"name\":\"Service Cr\\u00e9atif &amp; Pr\\u00e9sentation Artistique\",\"description\":\"Roughs, Storyboard, Antimatic &amp; Photomontage\",\"publisher\":{\"@id\":\"https:\/\/nyanpereira.fr\/dessinateur\/#organization\"},\"potentialAction\":[{\"@type\":\"SearchAction\",\"target\":{\"@type\":\"EntryPoint\",\"urlTemplate\":\"https:\/\/nyanpereira.fr\/dessinateur\/?s={search_term_string}\"},\"query-input\":\"required name=search_term_string\"}],\"inLanguage\":\"fr-FR\"},{\"@type\":\"WebPage\",\"@id\":\"https:\/\/nyanpereira.fr\/dessinateur\/storyborder-freelance-paris-nice\/cgv-artiste-pereira-yta\/#webpage\",\"url\":\"https:\/\/nyanpereira.fr\/dessinateur\/storyborder-freelance-paris-nice\/cgv-artiste-pereira-yta\/\",\"name\":\"Mentions l\\u00e9gales & CGV - Service Cr\\u00e9atif &amp; Pr\\u00e9sentation Artistique\",\"isPartOf\":{\"@id\":\"https:\/\/nyanpereira.fr\/dessinateur\/#website\"},\"datePublished\":\"2017-08-01T14:13:21+00:00\",\"dateModified\":\"2021-04-26T12:30:03+00:00\",\"breadcrumb\":{\"@id\":\"https:\/\/nyanpereira.fr\/dessinateur\/storyborder-freelance-paris-nice\/cgv-artiste-pereira-yta\/#breadcrumb\"},\"inLanguage\":\"fr-FR\",\"potentialAction\":[{\"@type\":\"ReadAction\",\"target\":[\"https:\/\/nyanpereira.fr\/dessinateur\/storyborder-freelance-paris-nice\/cgv-artiste-pereira-yta\/\"]}]},{\"@type\":\"BreadcrumbList\",\"@id\":\"https:\/\/nyanpereira.fr\/dessinateur\/storyborder-freelance-paris-nice\/cgv-artiste-pereira-yta\/#breadcrumb\",\"itemListElement\":[{\"@type\":\"ListItem\",\"position\":1,\"name\":\"Accueil\",\"item\":\"https:\/\/nyanpereira.fr\/dessinateur\/\"},{\"@type\":\"ListItem\",\"position\":2,\"name\":\"Roughman Storyboarder Freelance\",\"item\":\"https:\/\/nyanpereira.fr\/dessinateur\/\"},{\"@type\":\"ListItem\",\"position\":3,\"name\":\"Mentions l\\u00e9gales &#038; CGV\"}]}]}<\/script>\n<!-- \/ Yoast SEO plugin. -->","yoast_head_json":{"title":"Mentions l\u00e9gales & CGV - Service Cr\u00e9atif &amp; Pr\u00e9sentation Artistique","robots":{"index":"index","follow":"follow","max-snippet":"max-snippet:-1","max-image-preview":"max-image-preview:large","max-video-preview":"max-video-preview:-1"},"canonical":"https:\/\/nyanpereira.fr\/dessinateur\/storyborder-freelance-paris-nice\/cgv-artiste-pereira-yta\/","og_locale":"fr_FR","og_type":"article","og_title":"Mentions l\u00e9gales & CGV - Service Cr\u00e9atif &amp; Pr\u00e9sentation Artistique","og_url":"https:\/\/nyanpereira.fr\/dessinateur\/storyborder-freelance-paris-nice\/cgv-artiste-pereira-yta\/","og_site_name":"Service Cr\u00e9atif &amp; Pr\u00e9sentation Artistique","article_modified_time":"2021-04-26T12:30:03+00:00","twitter_card":"summary_large_image","twitter_misc":{"Dur\u00e9e de lecture estim\u00e9e":"2 minutes"},"schema":{"@context":"https:\/\/schema.org","@graph":[{"@type":"Organization","@id":"https:\/\/nyanpereira.fr\/dessinateur\/#organization","name":"storyboarder Freelance","url":"https:\/\/nyanpereira.fr\/dessinateur\/","sameAs":[],"logo":{"@type":"ImageObject","@id":"https:\/\/nyanpereira.fr\/dessinateur\/#logo","inLanguage":"fr-FR","url":"","contentUrl":"","caption":"storyboarder Freelance"},"image":{"@id":"https:\/\/nyanpereira.fr\/dessinateur\/#logo"}},{"@type":"WebSite","@id":"https:\/\/nyanpereira.fr\/dessinateur\/#website","url":"https:\/\/nyanpereira.fr\/dessinateur\/","name":"Service Cr\u00e9atif &amp; Pr\u00e9sentation Artistique","description":"Roughs, Storyboard, Antimatic &amp; Photomontage","publisher":{"@id":"https:\/\/nyanpereira.fr\/dessinateur\/#organization"},"potentialAction":[{"@type":"SearchAction","target":{"@type":"EntryPoint","urlTemplate":"https:\/\/nyanpereira.fr\/dessinateur\/?s={search_term_string}"},"query-input":"required name=search_term_string"}],"inLanguage":"fr-FR"},{"@type":"WebPage","@id":"https:\/\/nyanpereira.fr\/dessinateur\/storyborder-freelance-paris-nice\/cgv-artiste-pereira-yta\/#webpage","url":"https:\/\/nyanpereira.fr\/dessinateur\/storyborder-freelance-paris-nice\/cgv-artiste-pereira-yta\/","name":"Mentions l\u00e9gales & CGV - Service Cr\u00e9atif &amp; Pr\u00e9sentation Artistique","isPartOf":{"@id":"https:\/\/nyanpereira.fr\/dessinateur\/#website"},"datePublished":"2017-08-01T14:13:21+00:00","dateModified":"2021-04-26T12:30:03+00:00","breadcrumb":{"@id":"https:\/\/nyanpereira.fr\/dessinateur\/storyborder-freelance-paris-nice\/cgv-artiste-pereira-yta\/#breadcrumb"},"inLanguage":"fr-FR","potentialAction":[{"@type":"ReadAction","target":["https:\/\/nyanpereira.fr\/dessinateur\/storyborder-freelance-paris-nice\/cgv-artiste-pereira-yta\/"]}]},{"@type":"BreadcrumbList","@id":"https:\/\/nyanpereira.fr\/dessinateur\/storyborder-freelance-paris-nice\/cgv-artiste-pereira-yta\/#breadcrumb","itemListElement":[{"@type":"ListItem","position":1,"name":"Accueil","item":"https:\/\/nyanpereira.fr\/dessinateur\/"},{"@type":"ListItem","position":2,"name":"Roughman Storyboarder Freelance","item":"https:\/\/nyanpereira.fr\/dessinateur\/"},{"@type":"ListItem","position":3,"name":"Mentions l\u00e9gales &#038; CGV"}]}]}},"_links":{"self":[{"href":"https:\/\/nyanpereira.fr\/dessinateur\/wp-json\/wp\/v2\/pages\/4933"}],"collection":[{"href":"https:\/\/nyanpereira.fr\/dessinateur\/wp-json\/wp\/v2\/pages"}],"about":[{"href":"https:\/\/nyanpereira.fr\/dessinateur\/wp-json\/wp\/v2\/types\/page"}],"author":[{"embeddable":true,"href":"https:\/\/nyanpereira.fr\/dessinateur\/wp-json\/wp\/v2\/users\/1"}],"replies":[{"embeddable":true,"href":"https:\/\/nyanpereira.fr\/dessinateur\/wp-json\/wp\/v2\/comments?post=4933"}],"version-history":[{"count":27,"href":"https:\/\/nyanpereira.fr\/dessinateur\/wp-json\/wp\/v2\/pages\/4933\/revisions"}],"predecessor-version":[{"id":9519,"href":"https:\/\/nyanpereira.fr\/dessinateur\/wp-json\/wp\/v2\/pages\/4933\/revisions\/9519"}],"up":[{"embeddable":true,"href":"https:\/\/nyanpereira.fr\/dessinateur\/wp-json\/wp\/v2\/pages\/6037"}],"wp:attachment":[{"href":"https:\/\/nyanpereira.fr\/dessinateur\/wp-json\/wp\/v2\/media?parent=4933"}],"curies":[{"name":"wp","href":"https:\/\/api.w.org\/{rel}","templated":true}]}}

Mentions légales &#038; CGV

<p><em><span style="color: #999999;">IMPORTANT /  L’intégralité du site www.nyanpereira.fr est protégée juridiquement par les législations  Françaises et Internationales relatives à la propriété intellectuelle. Tous les droits de reproduction sont réservés, y compris pour les documents téléchargeables. L’ensemble des illustrations, graphismes et plus généralement l’ensemble des éléments composant le site www.nyanpereira.fr et le site lui-même ne peuvent, conformément à l’article L122-4 du code de la propriété intellectuelle, faire l’objet d’une quelconque représentation ou reproduction, intégrale ou partielle, sur quelque support que ce soit, sans l’autorisation expresse et préalable de Monsieur PEREIRA Yann.</span></em></p>
<h3>Conditions Générales de vente</h3>
<p>(1) Cession de droits : La vente de support d’image, photographie, pictogramme ou vidéo inclue une cession de droit d’exploitation de 12 mois. Il est rappelé que aux termes du code de la propriété intellectuelle : les droits de diffusion, reproduction et de représentation non mentionnés sur la facture ne sont pas cédés et qu’en aucun cas la signature de l’auteur ne peut être supprimée et aucune modification de l’œuvre ne peut être faite sans l’accord de l’auteur. (article L.121-1).<br />
&#8211;<br />
(2) Corrections : Il est possible pour le client de faire modifier trois fois la prestation par le prestataire si ces<br />
modifications n’entraînent pas de trop importants changements. Au-delà de ces trois modifications, le travail supplémentaires sera facturé.<br />
&#8211;<br />
(3) Prix : Sauf convention particulière, toutes les factures s’entendent pour paiement à 45 jours fin de mois. En application de la loi du 31/12/92, tout paiement effectué en retard entraînera l’application de pénalités de retard de 10 points soit +10% du montant total, plus une indemnité complémentaire de 40 euros pour frais de recouvrement s’ajoutera aux pénalités (décret 2012-1115, accessible ICI).<br />
&#8211;<br />
(6) Livraison : Le prix des roughs ou vignettes story-boards inclus une présentation pour un seule clien.<br />
&#8211;<br />
(7) Litiges : Tous les litiges auxquels l’application des présentes CGV pourrait donner lieu, concernant tant leur validité, leur interprétation, leur exécution, leur résiliation, leurs conséquences et leurs suites seront soumis au Tribunal de commerce de Draguignan (83) / FRANCE.<br />
&#8211;<br />
(8) Droit applicable : De convention expresse entre le commanditaire et l&rsquo;artiste « YANN PEREIRA » les présentes CGV sont soumises au droit français.</p>
<h3>Informations générales</h3>
<p><strong>• Responsable de la rédaction :</strong> YANN PEREIRA (&lt;&lt;1-FUSE&gt;&gt;)<br />
<strong>• Activité :</strong> Création artistique relevant des arts plastiques<br />
<strong>• Code ape (NAF) :</strong> 9003A<br />
<span style="color: #999999;">&#8211; Artiste, Roughman &amp; Storyboarder / Service Créatif &amp; Présentation Artistique.</span><br />
<strong>• Adresse :</strong> 37 B RUE NOTRE DAME DU PEUPLE &#8211; 83300 DRAGUIGNAN<br />
<strong>• SIRET :</strong> 51051085200021<br />
<strong>• Contact :</strong> <a href="tel:+33621820476">Appeler</a><br />
<strong>• Email</strong> : <a href="mailto:studio@nyanpereira.fr">Envoyer un e-mail </a></p>
<p><span style="color: #999999;"><em>Hébergement : www.ionos.fr</em></span></p>

<!-- This site is optimized with the Yoast SEO plugin v17.9 - https://yoast.com/wordpress/plugins/seo/ -->
<title>Mentions légales &amp; CGV - Service Créatif &amp; Présentation Artistique</title>
<meta name="robots" content="index, follow, max-snippet:-1, max-image-preview:large, max-video-preview:-1" />
<link rel="canonical" href="https://nyanpereira.fr/dessinateur/storyborder-freelance-paris-nice/cgv-artiste-pereira-yta/" />
<meta property="og:locale" content="fr_FR" />
<meta property="og:type" content="article" />
<meta property="og:title" content="Mentions légales &amp; CGV - Service Créatif &amp; Présentation Artistique" />
<meta property="og:url" content="https://nyanpereira.fr/dessinateur/storyborder-freelance-paris-nice/cgv-artiste-pereira-yta/" />
<meta property="og:site_name" content="Service Créatif &amp; Présentation Artistique" />
<meta property="article:modified_time" content="2021-04-26T12:30:03+00:00" />
<meta name="twitter:card" content="summary_large_image" />
<meta name="twitter:label1" content="Durée de lecture estimée" />
	<meta name="twitter:data1" content="2 minutes" />
<script type="application/ld+json" class="yoast-schema-graph">{"@context":"https://schema.org","@graph":[{"@type":"Organization","@id":"https://nyanpereira.fr/dessinateur/#organization","name":"storyboarder Freelance","url":"https://nyanpereira.fr/dessinateur/","sameAs":[],"logo":{"@type":"ImageObject","@id":"https://nyanpereira.fr/dessinateur/#logo","inLanguage":"fr-FR","url":"","contentUrl":"","caption":"storyboarder Freelance"},"image":{"@id":"https://nyanpereira.fr/dessinateur/#logo"}},{"@type":"WebSite","@id":"https://nyanpereira.fr/dessinateur/#website","url":"https://nyanpereira.fr/dessinateur/","name":"Service Cr\u00e9atif &amp; Pr\u00e9sentation Artistique","description":"Roughs, Storyboard, Antimatic &amp; Photomontage","publisher":{"@id":"https://nyanpereira.fr/dessinateur/#organization"},"potentialAction":[{"@type":"SearchAction","target":{"@type":"EntryPoint","urlTemplate":"https://nyanpereira.fr/dessinateur/?s={search_term_string}"},"query-input":"required name=search_term_string"}],"inLanguage":"fr-FR"},{"@type":"WebPage","@id":"https://nyanpereira.fr/dessinateur/storyborder-freelance-paris-nice/cgv-artiste-pereira-yta/#webpage","url":"https://nyanpereira.fr/dessinateur/storyborder-freelance-paris-nice/cgv-artiste-pereira-yta/","name":"Mentions l\u00e9gales & CGV - Service Cr\u00e9atif &amp; Pr\u00e9sentation Artistique","isPartOf":{"@id":"https://nyanpereira.fr/dessinateur/#website"},"datePublished":"2017-08-01T14:13:21+00:00","dateModified":"2021-04-26T12:30:03+00:00","breadcrumb":{"@id":"https://nyanpereira.fr/dessinateur/storyborder-freelance-paris-nice/cgv-artiste-pereira-yta/#breadcrumb"},"inLanguage":"fr-FR","potentialAction":[{"@type":"ReadAction","target":["https://nyanpereira.fr/dessinateur/storyborder-freelance-paris-nice/cgv-artiste-pereira-yta/"]}]},{"@type":"BreadcrumbList","@id":"https://nyanpereira.fr/dessinateur/storyborder-freelance-paris-nice/cgv-artiste-pereira-yta/#breadcrumb","itemListElement":[{"@type":"ListItem","position":1,"name":"Accueil","item":"https://nyanpereira.fr/dessinateur/"},{"@type":"ListItem","position":2,"name":"Roughman Storyboarder Freelance","item":"https://nyanpereira.fr/dessinateur/"},{"@type":"ListItem","position":3,"name":"Mentions l\u00e9gales &#038; CGV"}]}]}</script>
<!-- / Yoast SEO plugin. -->

Mentions légales & CGV - Service Créatif &amp; Présentation Artistique

Service Créatif &amp; Présentation Artistique
